eds digit of j?
3
What is the thousands digit of ((-120)/(-84))/5 - ((-82388)/7 + 0)?
1
Let g = -1846 - -1094. Let c = 1796 + g. What is the thousands digit of c?
1
Let a = -175 + 178. Suppose a*j - 809 = -32. What is the hundreds digit of j?
2
Suppose 2*t + 2*s - s = -685, 0 = s + 5. Let c = t - -500. Suppose -d + c = 4*d. What is the tens digit of d?
3
Let g = 4313 - 2892. What is the thousands digit of g?
1
What is the hundreds digit of (-848)/(28/7 + 5 + -1 + -9)?
8
Let i = 831 + 321. Let k = i - 686. Suppose 2*b = -2*a + 226, 2*b + 3*a + k = 6*b. What is the hundreds digit of b?
1
Let w = 56 + -52. Suppose 5*u + 32 = -2*f, -3*u + 112 = -w*f - u. Let t = 114 - f. What is the tens digit of t?
4
Let s = -67 - -94. Let v = s - 27. Suppose -2*z + 3*p + 188 = 0, 3*z + 2*p - 308 = -v*p. What is the tens digit of z?
0
Suppose 1819 = 8*k - 917. Suppose c - 1714 = -k. What is the thousands digit of c?
1
Suppose 5*g - 12*b - 50968 = -13*b, 30580 = 3*g + b. What is the thousands digit of g?
0
What is the ten thousands digit of 15414/(-56)*824/(-6)?
3
Suppose 0*p - p + 5*j = 25, 3*p - 4*j = -20. Suppose -n + 67 + 4 = p. Let f = n + -15. What is the tens digit of f?
5
Let p(o) = 76*o**2 - 23*o + 19. Let h(d) = -74*d**2 + 23*d - 18. Let m(i) = 4*h(i) + 5*p(i). What is the units digit of m(1)?
4
Let j = 402 - 402. What is the hundreds digit of 1 + -1 + (j/2 - -834)?
8
Suppose 2*x + 28 = 10. Let l(g) = g**3 + 8*g**2 - 10*g - 4. Let c be l(x). Suppose -88 = -3*k - c*k. What is the units digit of k?
1
What is the units digit of 6207 - (-3 - ((-6)/(-4) + (-24)/(-16)))?
3
Let p = -243 + 3833. What is the tens digit of p?
9
Let l(v) = 1232*v - 158. What is the thousands digit of l(4)?
4
Let a(t) = -12*t + 103. Let i be a(17). What is the units digit of (-8)/36 + i/(-9) + -3?
8
Let f(v) = 4224*v**2 + 44*v + 49. What is the ten thousands digit of f(-2)?
1
Suppose 5 = -q, 21754 = 2*k - k + 5*q. What is the ten thousands digit of k?
2
What is the tens digit of (-2062505)/(-82)*4/((-120)/(-3))*4?
6
Let z(s) be the first derivative of s**4/4 - 7*s**3/3 + 3*s**2/2 + 2*s - 8. What is the units digit of z(10)?
2
What is the thousands digit of -31 + 54 - (-10178 + -3)?
0
Let s(j) = -9*j - 65. Let a be s(-20). Let n = -100 + a. What is the tens digit of (-1518)/(-8) + (n/(-20))/(-3)?
9
Suppose -3*m - 3 = -3*u, -6*u + 35 = 5*m - 3*u. Suppose -3*s + 1904 = -5*w, -s - w = m*s - 3192. What is the tens digit of s?
3
Let g(f) = 6524*f**2 + 33*f + 6. What is the units digit of g(2)?
8
Suppose 3*g + 48 = -0*g. Let r(n) be the third derivative of -n**6/120 - 4*n**5/15 - n**4/24 + 5*n**3/2 - 555*n**2. What is the units digit of r(g)?
1
What is the tens digit of -35*(-2)/14 + (5885 - 1)?
8
Let a(i) = 119*i**3 - i**2 + 3*i - 1. Let x(b) = -2*b**2 + 3*b. Let t be x(2). Let y be 3/t + (-5)/(-30)*15. What is the units digit of a(y)?
0
Let z(s) = s**3 + 39*s**2 - 13*s - 114. Let q be z(-39). Let d = 1294 - q. What is the tens digit of d?
0
Let q = -15 + 48. Suppose -q + 9 = -6*u. Suppose -92 = -u*t + 108. What is the tens digit of t?
5
Let h = 3795 + -3645. Suppose 353 = -5*b + 78. Let r = h + b. What is the units digit of r?
5
Suppose 0 = 2*d + 5*d + 1512. Let h = d + 154. Let i = h - -147. What is the tens digit of i?
8
Let y(o) = 1872*o - 5188. What is the tens digit of y(17)?
3
Suppose -k - q = -0*q - 19, 4*q = 20. Let a(l) = l**2 - 18*l + 59. Let r be a(k). Suppose 0*w = -r*f - 4*w + 750, w = 3. What is the units digit of f?
6
Suppose 6*i = -7*i. Suppose i = 3*b + 2 + 4. What is the units digit of (3 + b)/((-2)/(-194))?
7
Let i(d) be the second derivative of -d**5/20 + d**4/6 + d**3/6 + 85*d**2/2 + 12*d. Let p be i(0). Suppose -g - 4*g = -p. What is the units digit of g?
7
Suppose -4*p = -2*p, 0 = -3*i - 4*p + 9. Suppose -3*g - 183 = -i*j + j, -87 = -j - 3*g. What is the hundreds digit of (-12740)/(-75) + (-3)/(j/(-4))?
1
Let b be (1/((-10)/6))/((-6)/30). Suppose -4*l = -3*l - b, -617 = -2*z - l. Let j = z - 66. What is the tens digit of j?
4
Let j be 96/64 + (-814)/(-4). What is the tens digit of j + 3 + 0 + (-5)/1?
0
Let f = -47128 + 82767. What is the hundreds digit of f?
6
Let h(t) be the first derivative of 28*t**2 + 187*t + 28. What is the tens digit of h(5)?
6
Suppose 1622340 = -294*b + 19348776. What is the tens digit of b?
9
Let z = -3135 - -9322. What is the hundreds digit of z?
1
Suppose 31*g - 158890 = -41431. What is the units digit of g?
9
Suppose 638640 = 65*x + 7*x. What is the thousands digit of x?
8
Suppose -2*x - 3*x - 3810 = 0. Let n = 1114 + x. What is the units digit of n?
2
Let y(k) = 61*k - 32. Let l be y(1). Suppose -l*o + 30206 = 4918. What is the units digit of o?
2
What is the thousands digit of (-3)/15 - (-81)/135*461882/6?
6
What is the ten thousands digit of (21300/(-40)*13)/(4/(-8))?
1
Let j(s) = -10*s + 428. Let u be j(43). Suppose i - 5 + 40 = 0. What is the hundreds digit of (-9755)/i - u/7?
2
Let w = 4546 + -1362. Let d = 4711 - w. What is the tens digit of d?
2
Suppose 5*w = -2*j + 7*j + 55, 3*j + 21 = w. Let m be 804/(-5) - (w - (-87)/(-15)). Let d = -91 - m. What is the units digit of d?
0
Let j(c) = -c**3 + 2*c**2 - c + 107. Let n be j(0). Suppose -n*i = -110*i + 828. What is the hundreds digit of i?
2
Let c(p) be the first derivative of p**4/4 + 5*p**3 + p**2/2 + 31*p + 71. What is the units digit of c(-14)?
3
Suppose -426 - 169 = 85*j. Let v(q) = 8*q - 3 + 12*q**2 + 2*q + q**3 - 10. What is the tens digit of v(j)?
6
Let l(p) = p + 13. Suppose -4*d + 0*d + s = -85, -5*s - 110 = -5*d. Let f = d - 29. What is the units digit of l(f)?
5
Let p(i) = 40*i - 120. Let h be p(3). Suppose -y + 4*k + 1804 = 0, h*k - 4*k = -8. What is the hundreds digit of y?
8
Suppose 140425 = 4*s + 5*t, 444*t = 442*t + 10. What is the thousands digit of s?
5
Let k = 11908 + -11410. What is the units digit of k?
8
What is the hundreds digit of (37691/11 - 1) + (-3 - (-156)/44)?
4
Suppose 36*d - 36 = 27*d. Suppose -d*h = -8*h + 1648. What is the units digit of h?
2
Let l be ((-48)/(-30))/(-4) - (-12)/5. Let q be 7 + (-1503)/(-45) + l/(-5). Suppose 2*j + 29 = v + 2*v, -4*v = -2*j - q. What is the tens digit of v?
1
Let y(m) = m**3 + 16*m**2 + 17*m + 34. Let a be y(-15). Suppose -8*f + 1572 = 2*o - 13*f, -3132 = -4*o + a*f. What is the units digit of o?
1
Suppose -2*h - 31*x + 30*x + 993 = 0, -h = x - 497. What is the units digit of h?
6
Suppose r - 2 - 22 = -5*s, 0 = r - 4. Suppose -s*x = -19*x + 1440. What is the tens digit of x?
9
Let x = -187 + 7. Let u be 12*4/((-64)/x). Suppose o + 58 = u. What is the units digit of o?
7
Let z(a) = a**3 - 6*a**2 + 17*a - 10. Let o be z(5). What is the units digit of 2*(-5)/o + 1012/10?
1
Suppose 2*j = 2*p, -j + 4*p - 5 = 2*j. Suppose -2*v - 182 = j*l + 143, 4*l + 237 = 3*v. What is the units digit of (-14)/l*-3 - (-40)/6?
6
Let y be 0 + 4 - (3 - (107 - 5)). Let r = 287 - y. What is the hundreds digit of r?
1
Suppose 22*q + 151 = 25*q + 5*b, -4*b + 155 = 3*q. Suppose q*h - 12575 = -4709. What is the units digit of h?
8
Let w = -46 - -93. Suppose 2504 = w*a - 9998. What is the hundreds digit of a?
2
Let u(y) = 1385*y**2 + 29*y - 51. What is the units digit of u(2)?
7
Suppose -3*d = -3*k - 4*d + 5, 4*k + 4*d - 20 = 0. Suppose k*p = -2*p + 710. What is the units digit of p?
5
Suppose -b = 2*s + 528, 2451 = -5*b + s - 233. Let t = -140 - b. What is the tens digit of t?
9
Suppose -y + 2404 = 4*x + 2*y, 0 = -5*x + 3*y + 3032. What is the thousands digit of (196/(-112))/((-1)/x)?
1
Suppose -580*i + 585*i = 30. What is the units digit of (42/(-28))/(i/4) - -201?
0
Suppose -33*a + 2472 = -29*a. Suppose 6*p - 2574 = -a. What is the tens digit of p?
2
Let h(u) = -199*u + 1346. What is the tens digit of h(-43)?
0
Suppose 3585 = 4*j + 3*s, 1881 = 2*j + 5*s + 78. Suppose -5*n = 4*x - 1427, 5*x - j = -5*n + 886. What is the units digit of x?
3
Let m(y) = -200*y - 24 - 3 - 29. What is the hundreds digit of m(-4)?
7
Let i be 3/(-2)*4/3. Let c(z) = 4*z**2 - 2*z - 6. Let g be c(i). What is the tens digit of g/49 + (-1)/(14/(-542))?
3
Let x be 0 - -1 - -1*(-2 + 35). Let p(a) = -3 + 22*a**2 + 9*a + x*a - 6*a + a**3. What is the units digit of p(-20)?
7
Let r(k) = 80 - 5 - 30 + 83*k - 19. What is the hundreds digit of r(13)?
1
Let y(o) be the first d